110 (base 2) to base 7
4416542
-2467846 (base 12) to base 14
-d2d410
Convert 424257 (base 13) to base 14.
2c55ac
Convert 24430132 (base 6) to base 14.
164b68
What is c2128 (base 16) in base 4?
3002010220
-240363 (base 11) to base 10
-381098
22020110201012 (base 3) to base 12
15720b8
What is -113000333001 (base 4) in base 12?
-202b629
51389 (base 13) to base 12
70332
657a58 (base 11) to base 13
2a9c80
Convert -47118 (base 9) to base 5.
-2001240
What is -1875a9 (base 11) in base 8?
-1062734
What is 4111346 (base 7) in base 16?
77b58
What is 99db (base 16) in base 11?
27657
446644 (base 7) to base 2
10011010101110000
Convert -25144777 (base 8) to base 9.
-11408360
Convert -1fe8d (base 16) to base 13.
-4764c
What is -212011011102 (base 3) in base 16?
-6f440
Convert 4587b5 (base 15) to base 3.
20020122022122
What is 796201 (base 10) in base 12?
324921
What is 32253524 (base 6) in base 8?
3513134
Convert -3420244 (base 12) to base 10.
-9995092
Convert b50a04 (base 14) to base 2.
10111010011101110011100
Convert 11010010011101011 (base 2) to base 14.
2b3ab
Convert 163703 (base 10) to base 13.
59687
Convert 66221325 (base 7) to base 11.
3234041
What is -4b155 (base 15) in base 7?
-2016335
What is 294397 (base 11) in base 8?
1601620
-124402 (base 11) to base 9
-328046
110120100201210 (base 3) to base 10
6679632
Convert 101101100010110111 (base 2) to base 14.
4bdb1
-d7676 (base 15) to base 7
-5543604
131042124 (base 5) to base 4
2131011112
What is -a73b5 (base 12) in base 3?
-102011211002
What is 1646685 (base 9) in base 4?
3133312310
Convert -2100202120 (base 3) to base 16.
-b592
Convert 19830f (base 16) to base 9.
3127433
-32013106 (base 8) to base 3
-110211120021011
-2200021012101 (base 3) to base 8
-5332130
Convert -33204130 (base 5) to base 11.
-187455
Convert -63383 (base 11) to base 13.
-33016
Convert -276c8 (base 14) to base 13.
-35439
Convert 64535 (base 15) to base 10.
318425
What is 16051b6 (base 12) in base 14?
84b762
What is -53623 (base 10) in base 8?
-150567
-798491 (base 13) to base 3
-12102001000212
213356242 (base 7) to base 6
1133415344
What is -3811106 (base 9) in base 11?
-1197329
2201443401 (base 5) to base 8
22000011
What is -111100022 (base 4) in base 15?
-1abd5
22154120 (base 6) to base 5
132341402
What is 312353 (base 8) in base 5?
11304114
6433762 (base 10) to base 3
110002212110111
What is 141514 (base 9) in base 10?
86440
Convert -31121133110 (base 4) to base 16.
-3597d4
What is -5169b (base 12) in base 14?
-2aab5
Convert 24b150 (base 12) to base 14.
118844
Convert -3c894 (base 13) to base 14.
-2d528
What is -4809a (base 13) in base 2?
-100000001101101011
768005 (base 14) to base 15
54544b
5ba790 (base 12) to base 9
2721710
What is 841810 (base 10) in base 16?
cd852
-2752551 (base 8) to base 9
-1411738
2b397 (base 12) to base 14
18351
What is -210121021 (base 4) in base 6?
-3110041
Convert 2013e1 (base 16) to base 2.
1000000001001111100001
Convert -1257248 (base 10) to base 6.
-42540332
163427 (base 8) to base 2
1110011100010111
Convert -424255 (base 9) to base 8.
-755036
What is -3a608 (base 13) in base 5?
-11434200
-1440411030 (base 5) to base 8
-16516556
2ec92 (base 15) to base 13
53b64
What is -415334 (base 9) in base 5?
-30343201
What is 12100200200210 (base 3) in base 8?
12672355
Convert -3425634 (base 8) to base 2.
-11100010101110011100
-10110111000 (base 3) to base 10
-68148
3440 (base 11) to base 16
11a9
What is -1438b61 (base 12) in base 14?
-779329
Convert 184926 (base 10) to base 5.
21404201
What is -211011002132 (base 4) in base 9?
-20254252
What is 361651 (base 8) in base 12?
5b7a1
What is 4b1aa2 (base 14) in base 16?
27591e
7a7370 (base 13) to base 10
2900638
-236246 (base 11) to base 10
-374303
102210112212110 (base 3) to base 9
12715773
What is 6876642 (base 9) in base 4?
32022031313
-1000100001001000000011 (base 2) to base 12
-8b8197
Convert 154005 (base 7) to base 13.
10983
What is 302040344 (base 5) in base 8?
4462734
-403382 (base 9) to base 11
-153380
What is 102010002221 (base 3) in base 5?
24000104
What is -22110101100 (base 4) in base 16?
-294450
What is 50415113 (base 7) in base 12?
14a0312
Convert 8777957 (base 10) to base 9.
17458075
a48752 (base 13) to base 11
2197614
Convert 1eb8d3 (base 16) to base 3.
10210021212012
-5473 (base 9) to base 11
-3039
Convert -20111100122 (base 3) to base 7.
-1041461
-1a8d7 (base 14) to base 12
-33165
221044021 (base 6) to base 9
7423274
-100d1 (base 16) to base 6
-1224213
Convert -11212122011 (base 3) to base 5.
-11032322
What is 26411075 (base 8) in base 5?
3002343114
1030411222 (base 6) to base 13
2365217
What is -35480 (base 10) in base 7?
-205304
Convert 7760289 (base 10) to base 2.
11101100110100110100001
What is 18cdc8 (base 14) in base 16?
d70a4
-405a58 (base 11) to base 4
-2133031210
Convert -1863715 (base 9) to base 14.
-1d327d
What is -1100001001101011001111 (base 2) in base 14?
-5ccbb9
What is 102555231 (base 6) in base 3?
10102102211101
4270b5 (base 13) to base 7
16145516
Convert -2444604 (base 7) to base 4.
-1030213020
What is -4c56a0 (base 16) in base 10?
-5002912
2343241123 (base 5) to base 8
24615415
Convert 2100011032 (base 4) to base 12.
24563a
Convert 102113331010 (base 4) to base 16.
497f44
Convert 14412143 (base 7) to base 10.
1364534
Convert -117132 (base 13) to base 9.
-702783
11001011001111101111001 (base 2) to base 10
6659961
What is 3224120 (base 5) in base 3?
2210022201
-2010407 (base 9) to base 12
-4370ba
Convert 160625 (base 10) to base 15.
328d5
Convert -33512333 (base 6) to base 12.
-4126a9
What is 43031154 (base 6) in base 8?
4644416
Convert -31323333212 (base 4) to base 11.
-2076010
Convert -21003402 (base 5) to base 13.
-605ab
-2203205 (base 9) to base 10
-1183334
1311a5 (base 15) to base 6
31340045
101100101101110111010 (base 2) to base 14
2a1dc6
-110000010101010110010 (base 2) to base 5
-401140134
62654 (base 10) to base 7
350444
Convert 452503 (base 15) to base 11.
195323a
What is -204c5a (base 14) in base 13?
-2c1917
222222220222 (base 3) to base 16
81bba
-391462 (base 15) to base 13
-74b3b5
What is -100111100101001100000 (base 2) in base 16?
-13ca60
-1201121111 (base 3) to base 8
-102273
What is -143602 (base 7) in base 12?
-14074
-81017 (base 12) to base 4
-220323103
Convert -26413751 (base 8) to base 14.
-ad9a41
Convert -aecd6 (base 16) to base 9.
-1311134
-1111010100010110000 (base 2) to base 11
-313126
What is 101000110101101011110 (base 2) in base 13?
37b14c
What is 2218301 (base 9) in base 15?
1889e7
Convert 38105 (base 15) to base 14.
493b3
-3510405 (base 6) to base 12
-88405
Convert 10001110010001011111 (base 2) to base 13.
175330
-87777 (base 13) to base 6
-5130540
342415 (base 7) to base 15
130b4
What is -12112331012 (base 4) in base 3?
-10010200112112
-3240a (base 11) to base 5
-3001304
643304 (base 7) to base 5
12033001
-24712 (base 14) to base 8
-256154
a3526 (base 13) to base 3
112220000202
Convert 381b98 (base 13) to base 2.
101001000101111110100
What is 27c157 (base 13) in base 10?
969118
12a1 (base 12) to base 5
32022
-2748c (base 16) to base 2
-100111010010001100
43443324 (base 5) to base 15
760e4
Convert -331433222 (base 5) to base 7.
-15132410
-1124551 (base 7) to base 9
-234257
-2534232 (base 7) to base 14
-87789
-65110052 (base 7) to base 4
-111022223030
40bb2 (base 13) to base 2
11100011000011000
-110001020 (base 3) to base 10
-8781
-201012112202 (base 3) to base 6
-12034032
What is -5522245 (base 7) in base 2?
-10100101100000001011
What is 46dab (base 14) in base 11?
108936
Convert -424755 (base 9) to base 7.
-2102114
What is -313021202 (base 4) in base 13?
-7ba82
Convert 242224 (base 8) to base 11.
57479
Convert -1187852 (base 11) to base 8.
-7667462
What is -12b22 (base 13) in base 10?
-34842
Convert 7b495 (base 12) to base 10.
164849
What is 13303311 (base 4) in base 15?
9729
Convert 1011011011000110111011 (base 2) to base 11.
17659a1
What is aa8189 (base 13) in base 7?
46065421
767b94 (base 13) to base 15
3a101b
Convert -a2a228 (base 13) to base 9.
-7120161
What is -6e63c (base 15) in base 8?
-1260227
202a0 (base 14) to base 13
292a1
What is 2221210200 (base 3) in base 16?
e340
What is 41ab1 (base 12) in base 16?
150e5
What is 95ce5 (base 16) in base 6?
21052433
7055617 (base 8) to base 4
13011